{"id":948,"date":"2017-05-08T12:22:53","date_gmt":"2017-05-08T11:22:53","guid":{"rendered":"http:\/\/oyemeconlosojos.com\/oyemearquitectura\/blog\/?page_id=948"},"modified":"2019-02-19T19:00:26","modified_gmt":"2019-02-19T18:00:26","slug":"np-hm","status":"publish","type":"page","link":"http:\/\/oyemeconlosojos.com\/oyemearquitectura\/blog\/?page_id=948","title":{"rendered":"Escaleras Mec\u00e1nicas de H&#038;M en Nervi\u00f3n Plaza"},"content":{"rendered":"<p><img loading=\"lazy\" class=\"alignright wp-image-1135 size-medium\" src=\"http:\/\/oyemeconlosojos.com\/oyemearquitectura\/blog\/wp-content\/uploads\/2019\/02\/HMNP-11-300x300.jpg\" alt=\"\" width=\"300\" height=\"300\" srcset=\"http:\/\/oyemeconlosojos.com\/oyemearquitectura\/blog\/wp-content\/uploads\/2019\/02\/HMNP-11-300x300.jpg 300w, http:\/\/oyemeconlosojos.com\/oyemearquitectura\/blog\/wp-content\/uploads\/2019\/02\/HMNP-11-150x150.jpg 150w, http:\/\/oyemeconlosojos.com\/oyemearquitectura\/blog\/wp-content\/uploads\/2019\/02\/HMNP-11-768x768.jpg 768w, http:\/\/oyemeconlosojos.com\/oyemearquitectura\/blog\/wp-content\/uploads\/2019\/02\/HMNP-11-640x640.jpg 640w, http:\/\/oyemeconlosojos.com\/oyemearquitectura\/blog\/wp-content\/uploads\/2019\/02\/HMNP-11.jpg 850w\" sizes=\"(max-width: 300px) 100vw, 300px\" \/><\/p>\n<p>&nbsp;<\/p>\n<p>Ubicaci\u00f3n: <strong>Sevilla<\/strong><\/p>\n<p>Promotor: <strong>WH Nervi\u00f3n Plaza<br \/>\n<\/strong><\/p>\n<p>A\u00f1o Proyecto: <strong>2014<\/strong><\/p>\n<p>Presupuesto Ejecuci\u00f3n Material: <strong>53.382,39 \u20ac<\/strong><\/p>\n<p>A\u00f1o Construcci\u00f3n: <strong>2014<\/strong><\/p>\n<p>Constructora: <strong>Construcciones Frandomgre<br \/>\n<\/strong><\/p>\n<p>Fase: <strong>Terminada<\/strong><\/p>\n<p>&nbsp;<\/p>\n<p>La cadena sueca de ropa H&amp;M iba a trasladar su tienda del Centro Comercial Nervi\u00f3n Plaza a un local m\u00e1s grande dentro del mismo centro. Esta nueva tienda, de mayor superficie, ocupar\u00eda dos plantas en la zona sur del centro comercial que deb\u00edan estar comunicadas mediante dos escaleras mec\u00e1nicas, por lo que era necesario abrir huecos en dos forjados reticulares de hormig\u00f3n para poder instalarlas. Para ello, el centro cont\u00f3 con <a title=\"OyeMe arquitectura\" href=\"http:\/\/oyemeconlosojos.com\/oyemearquitectura\/blog\/?page_id=119\" target=\"_blank\" rel=\"noopener\">nosotros<\/a>.<\/p>\n<p>Las dos escaleras se instalar\u00edan juntas, eso implicaba que los huecos a realizar en los forjados tendr\u00edan unas dimensiones de relativa importancia en el conjunto estructural. Tras un estudio pormenorizado de la intervenci\u00f3n, se plante\u00f3 el refuerzo con vigas met\u00e1licas -por la parte inferior- de los forjados reticulares de hormig\u00f3n armado.<\/p>\n<p>La ejecuci\u00f3n -aunque bastante importante- fue sencilla: En primer lugar se reforzaron los forjados por su parte inferior con los elementos met\u00e1licos necesarios, una vez afianzados, se cort\u00f3 el hormig\u00f3n armado de los forjados reticulares para abrir los huecos y, finalmente, se ignifugaron los elementos met\u00e1licos para que quedar\u00e1n perfectamente protegidos contra el riesgo de incendios.<\/p>\n<p>&nbsp;<\/p>\n<!-- Final Tiles Grid Gallery for WordPress v3.3.52 free --><style>#ftg-2222 .tile .icon { color:#ffffff; }#ftg-2222 .ftg-items .loading-bar i { background:#666; }#ftg-2222 .ftg-items .loading-bar { background:#fff; }#ftg-2222 .tile .icon { font-size:12px; }#ftg-2222 .tile .icon { margin: -6px 0 0 -6px; }#ftg-2222 .tile .caption-block .text-wrapper span.text { font-size:12px; }#ftg-2222 .tile .caption-block .text-wrapper span.title { font-size:14px; }#ftg-2222 .tile { background-color: transparent; }#ftg-2222 .tile .caption-block .text-wrapper span.text { color: #ffffff; }#ftg-2222 .tile .caption-block .text-wrapper span.title { color: #ffffff; }#ftg-2222 .tile .ftg-social a { color: #ffffff; }#ftg-2222 .tile .caption-block { transition-duration:0.25s; }#ftg-2222 .tile .tile-inner:before { background-color: #000000; }#ftg-2222 .tile .tile-inner:before { background-color: rgba(0, 0, 0, 0.8); }#ftg-2222 .tile:hover img {-moz-transform: ;-webkit-transform: ;-o-transform: ;-ms-transform: ;transform: ;}<\/style><a name='22'><\/a><div class='final-tiles-gallery  ftg-hover-enabled  caption-none caption-middle caption-center' id='ftg-2222' style='width:100%'><div class='ftg-items'><div class='loading-bar'><i><\/i><\/div><div  class='tile ftg-preload  '><a title=\"visita de obra\" data-lightbox='ftg-2222' rel='ftg-2222'  class=' tile-inner  ftg-lightbox' href='http:\/\/oyemeconlosojos.com\/oyemearquitectura\/blog\/wp-content\/uploads\/2019\/02\/HMNP-5.jpg' ><img alt='' class='item' data-class='item' data-ftg-src='http:\/\/oyemeconlosojos.com\/oyemearquitectura\/blog\/wp-content\/uploads\/2019\/02\/HMNP-5-300x300.jpg' src='http:\/\/oyemeconlosojos.com\/oyemearquitectura\/blog\/wp-content\/uploads\/2019\/02\/HMNP-5-300x300.jpg' width='300' height='300' \/><div class='caption-block'><div class='text-wrapper'><span class='title'>visita de obra<\/span><\/div><\/div><\/a><div class='ftg-social'><\/div><\/div><div  class='tile ftg-preload  '><a title=\"visita de obra\" data-lightbox='ftg-2222' rel='ftg-2222'  class=' tile-inner  ftg-lightbox' href='http:\/\/oyemeconlosojos.com\/oyemearquitectura\/blog\/wp-content\/uploads\/2019\/02\/HMNP-4.jpg' ><img alt='' class='item' data-class='item' data-ftg-src='http:\/\/oyemeconlosojos.com\/oyemearquitectura\/blog\/wp-content\/uploads\/2019\/02\/HMNP-4-300x300.jpg' src='http:\/\/oyemeconlosojos.com\/oyemearquitectura\/blog\/wp-content\/uploads\/2019\/02\/HMNP-4-300x300.jpg' width='300' height='300' \/><div class='caption-block'><div class='text-wrapper'><span class='title'>visita de obra<\/span><\/div><\/div><\/a><div class='ftg-social'><\/div><\/div><div  class='tile ftg-preload  '><a title=\"disco de diamante abriendo hueco en forjado\" data-lightbox='ftg-2222' rel='ftg-2222'  class=' tile-inner  ftg-lightbox' href='http:\/\/oyemeconlosojos.com\/oyemearquitectura\/blog\/wp-content\/uploads\/2019\/02\/HMNP-6.jpg' ><img alt='' class='item' data-class='item' data-ftg-src='http:\/\/oyemeconlosojos.com\/oyemearquitectura\/blog\/wp-content\/uploads\/2019\/02\/HMNP-6-300x300.jpg' src='http:\/\/oyemeconlosojos.com\/oyemearquitectura\/blog\/wp-content\/uploads\/2019\/02\/HMNP-6-300x300.jpg' width='300' height='300' \/><div class='caption-block'><div class='text-wrapper'><span class='title'>disco de diamante abriendo hueco en forjado<\/span><\/div><\/div><\/a><div class='ftg-social'><\/div><\/div><div  class='tile ftg-preload  '><a title=\"visita de obra\" data-lightbox='ftg-2222' rel='ftg-2222'  class=' tile-inner  ftg-lightbox' href='http:\/\/oyemeconlosojos.com\/oyemearquitectura\/blog\/wp-content\/uploads\/2019\/02\/HMNP-7.jpg' ><img alt='' class='item' data-class='item' data-ftg-src='http:\/\/oyemeconlosojos.com\/oyemearquitectura\/blog\/wp-content\/uploads\/2019\/02\/HMNP-7-300x300.jpg' src='http:\/\/oyemeconlosojos.com\/oyemearquitectura\/blog\/wp-content\/uploads\/2019\/02\/HMNP-7-300x300.jpg' width='300' height='300' \/><div class='caption-block'><div class='text-wrapper'><span class='title'>visita de obra<\/span><\/div><\/div><\/a><div class='ftg-social'><\/div><\/div><div  class='tile ftg-preload  '><a title=\"control de ejecuci\u00f3n de obra\" data-lightbox='ftg-2222' rel='ftg-2222'  class=' tile-inner  ftg-lightbox' href='http:\/\/oyemeconlosojos.com\/oyemearquitectura\/blog\/wp-content\/uploads\/2019\/02\/HMNP-8.jpg' ><img alt='' class='item' data-class='item' data-ftg-src='http:\/\/oyemeconlosojos.com\/oyemearquitectura\/blog\/wp-content\/uploads\/2019\/02\/HMNP-8-300x300.jpg' src='http:\/\/oyemeconlosojos.com\/oyemearquitectura\/blog\/wp-content\/uploads\/2019\/02\/HMNP-8-300x300.jpg' width='300' height='300' \/><div class='caption-block'><div class='text-wrapper'><span class='title'>control de ejecuci\u00f3n de obra<\/span><\/div><\/div><\/a><div class='ftg-social'><\/div><\/div><div  class='tile ftg-preload  '><a title=\"vista del recorrido completo de las escaleras mec\u00e1nicas\" data-lightbox='ftg-2222' rel='ftg-2222'  class=' tile-inner  ftg-lightbox' href='http:\/\/oyemeconlosojos.com\/oyemearquitectura\/blog\/wp-content\/uploads\/2019\/02\/HMNP-10.jpg' ><img alt='' class='item' data-class='item' data-ftg-src='http:\/\/oyemeconlosojos.com\/oyemearquitectura\/blog\/wp-content\/uploads\/2019\/02\/HMNP-10-300x300.jpg' src='http:\/\/oyemeconlosojos.com\/oyemearquitectura\/blog\/wp-content\/uploads\/2019\/02\/HMNP-10-300x300.jpg' width='300' height='300' \/><div class='caption-block'><div class='text-wrapper'><span class='title'>vista del recorrido completo de las escaleras mec\u00e1nicas<\/span><\/div><\/div><\/a><div class='ftg-social'><\/div><\/div><div  class='tile ftg-preload  '><a title=\"vista desde el s\u00f3tano\" data-lightbox='ftg-2222' rel='ftg-2222'  class=' tile-inner  ftg-lightbox' href='http:\/\/oyemeconlosojos.com\/oyemearquitectura\/blog\/wp-content\/uploads\/2019\/02\/HMNP-9.jpg' ><img alt='' class='item' data-class='item' data-ftg-src='http:\/\/oyemeconlosojos.com\/oyemearquitectura\/blog\/wp-content\/uploads\/2019\/02\/HMNP-9-300x300.jpg' src='http:\/\/oyemeconlosojos.com\/oyemearquitectura\/blog\/wp-content\/uploads\/2019\/02\/HMNP-9-300x300.jpg' width='300' height='300' \/><div class='caption-block'><div class='text-wrapper'><span class='title'>vista desde el s\u00f3tano<\/span><\/div><\/div><\/a><div class='ftg-social'><\/div><\/div><div  class='tile ftg-preload  '><a title=\"pernos de anclaje utilizados\" data-lightbox='ftg-2222' rel='ftg-2222'  class=' tile-inner  ftg-lightbox' href='http:\/\/oyemeconlosojos.com\/oyemearquitectura\/blog\/wp-content\/uploads\/2019\/02\/HMNP-1.jpg' ><img alt='' class='item' data-class='item' data-ftg-src='http:\/\/oyemeconlosojos.com\/oyemearquitectura\/blog\/wp-content\/uploads\/2019\/02\/HMNP-1-300x300.jpg' src='http:\/\/oyemeconlosojos.com\/oyemearquitectura\/blog\/wp-content\/uploads\/2019\/02\/HMNP-1-300x300.jpg' width='300' height='300' \/><div class='caption-block'><div class='text-wrapper'><span class='title'>pernos de anclaje utilizados<\/span><\/div><\/div><\/a><div class='ftg-social'><\/div><\/div><div  class='tile ftg-preload  '><a title=\"espesor de placas de anclaje\" data-lightbox='ftg-2222' rel='ftg-2222'  class=' tile-inner  ftg-lightbox' href='http:\/\/oyemeconlosojos.com\/oyemearquitectura\/blog\/wp-content\/uploads\/2019\/02\/HMNP-2.jpg' ><img alt='' class='item' data-class='item' data-ftg-src='http:\/\/oyemeconlosojos.com\/oyemearquitectura\/blog\/wp-content\/uploads\/2019\/02\/HMNP-2-300x300.jpg' src='http:\/\/oyemeconlosojos.com\/oyemearquitectura\/blog\/wp-content\/uploads\/2019\/02\/HMNP-2-300x300.jpg' width='300' height='300' \/><div class='caption-block'><div class='text-wrapper'><span class='title'>espesor de placas de anclaje<\/span><\/div><\/div><\/a><div class='ftg-social'><\/div><\/div><div  class='tile ftg-preload  '><a title=\"algunas de las vigas met\u00e1licas utilizadas\" data-lightbox='ftg-2222' rel='ftg-2222'  class=' tile-inner  ftg-lightbox' href='http:\/\/oyemeconlosojos.com\/oyemearquitectura\/blog\/wp-content\/uploads\/2019\/02\/HMNP-3.jpg' ><img alt='' class='item' data-class='item' data-ftg-src='http:\/\/oyemeconlosojos.com\/oyemearquitectura\/blog\/wp-content\/uploads\/2019\/02\/HMNP-3-300x300.jpg' src='http:\/\/oyemeconlosojos.com\/oyemearquitectura\/blog\/wp-content\/uploads\/2019\/02\/HMNP-3-300x300.jpg' width='300' height='300' \/><div class='caption-block'><div class='text-wrapper'><span class='title'>algunas de las vigas met\u00e1licas utilizadas<\/span><\/div><\/div><\/a><div class='ftg-social'><\/div><\/div><\/div><\/div><script type='text\/javascript'>jQuery('#ftg-2222 img.item').removeAttr('src');jQuery(document).ready(function () {setTimeout(function () {jQuery('#ftg-2222').finalTilesGallery({minTileWidth: 250,margin: 10,loadMethod: 'sequential',nonce: '70a7b08d0e',galleryId: '22',setupFilters: true,layout: 'columns',debug: false,gridSize: 25,disableGridSizeBelow: 800,allowEnlargement: true,columns: [[4000, 4],[1024, 4],[800, 3],[480, 3],[320, 2]],selectedFilter: 'n-a'});jQuery(function () {(function () {var rel = '';jQuery('#ftg-2222 .ftg-lightbox').click(function (e) {rel = jQuery(this).attr('rel');jQuery('#ftg-2222 .ftg-current').removeClass('ftg-current');jQuery('#ftg-2222 [rel=\"'+rel+'\"]').addClass('ftg-current');});})();});}, 0);});<\/script>\n<p>&nbsp;<\/p>\n<p>&nbsp;<\/p>\n","protected":false},"excerpt":{"rendered":"<p>&nbsp; Ubicaci\u00f3n: Sevilla Promotor: WH Nervi\u00f3n Plaza A\u00f1o Proyecto: 2014 Presupuesto Ejecuci\u00f3n Material: 53.382,39 \u20ac A\u00f1o Construcci\u00f3n: 2014 Constructora: Construcciones Frandomgre Fase: Terminada &nbsp; La cadena sueca de ropa H&amp;M iba a trasladar su tienda del Centro Comercial Nervi\u00f3n Plaza a un local m\u00e1s grande dentro del mismo centro. Esta nueva tienda, de mayor superficie, [&hellip;]<\/p>\n","protected":false},"author":1,"featured_media":0,"parent":328,"menu_order":266,"comment_status":"closed","ping_status":"closed","template":"","meta":[],"_links":{"self":[{"href":"http:\/\/oyemeconlosojos.com\/oyemearquitectura\/blog\/index.php?rest_route=\/wp\/v2\/pages\/948"}],"collection":[{"href":"http:\/\/oyemeconlosojos.com\/oyemearquitectura\/blog\/index.php?rest_route=\/wp\/v2\/pages"}],"about":[{"href":"http:\/\/oyemeconlosojos.com\/oyemearquitectura\/blog\/index.php?rest_route=\/wp\/v2\/types\/page"}],"author":[{"embeddable":true,"href":"http:\/\/oyemeconlosojos.com\/oyemearquitectura\/blog\/index.php?rest_route=\/wp\/v2\/users\/1"}],"replies":[{"embeddable":true,"href":"http:\/\/oyemeconlosojos.com\/oyemearquitectura\/blog\/index.php?rest_route=%2Fwp%2Fv2%2Fcomments&post=948"}],"version-history":[{"count":5,"href":"http:\/\/oyemeconlosojos.com\/oyemearquitectura\/blog\/index.php?rest_route=\/wp\/v2\/pages\/948\/revisions"}],"predecessor-version":[{"id":1137,"href":"http:\/\/oyemeconlosojos.com\/oyemearquitectura\/blog\/index.php?rest_route=\/wp\/v2\/pages\/948\/revisions\/1137"}],"up":[{"embeddable":true,"href":"http:\/\/oyemeconlosojos.com\/oyemearquitectura\/blog\/index.php?rest_route=\/wp\/v2\/pages\/328"}],"wp:attachment":[{"href":"http:\/\/oyemeconlosojos.com\/oyemearquitectura\/blog\/index.php?rest_route=%2Fwp%2Fv2%2Fmedia&parent=948"}],"curies":[{"name":"wp","href":"https:\/\/api.w.org\/{rel}","templated":true}]}}