{"id":623,"date":"2013-07-24T14:49:23","date_gmt":"2013-07-24T13:49:23","guid":{"rendered":"http:\/\/oyemeconlosojos.com\/oyemearquitectura\/blog\/?page_id=623"},"modified":"2019-02-19T12:47:36","modified_gmt":"2019-02-19T11:47:36","slug":"ise-vl","status":"publish","type":"page","link":"http:\/\/oyemeconlosojos.com\/oyemearquitectura\/blog\/?page_id=623","title":{"rendered":"Adecuaci\u00f3n del C.E.I.P. El Algarrobillo. Valencina de la Concepci\u00f3n"},"content":{"rendered":"<p><img loading=\"lazy\" class=\"alignright wp-image-1097 size-medium\" src=\"http:\/\/oyemeconlosojos.com\/oyemearquitectura\/blog\/wp-content\/uploads\/2019\/02\/isevl-1-300x300.jpg\" alt=\"\" width=\"300\" height=\"300\" srcset=\"http:\/\/oyemeconlosojos.com\/oyemearquitectura\/blog\/wp-content\/uploads\/2019\/02\/isevl-1-300x300.jpg 300w, http:\/\/oyemeconlosojos.com\/oyemearquitectura\/blog\/wp-content\/uploads\/2019\/02\/isevl-1-150x150.jpg 150w, http:\/\/oyemeconlosojos.com\/oyemearquitectura\/blog\/wp-content\/uploads\/2019\/02\/isevl-1-768x768.jpg 768w, http:\/\/oyemeconlosojos.com\/oyemearquitectura\/blog\/wp-content\/uploads\/2019\/02\/isevl-1-640x640.jpg 640w, http:\/\/oyemeconlosojos.com\/oyemearquitectura\/blog\/wp-content\/uploads\/2019\/02\/isevl-1.jpg 850w\" sizes=\"(max-width: 300px) 100vw, 300px\" \/><\/p>\n<p>&nbsp;<\/p>\n<p>Ubicaci\u00f3n: <strong>Valencina de la Concepci\u00f3n (Sevilla)<\/strong><\/p>\n<p>Promotor:\u00a0<strong>Infraestructuras y Servicios Educativos Andaluc\u00eda (Junta de Andaluc\u00eda)<\/strong><\/p>\n<p>A\u00f1o Proyecto: <strong>2013<\/strong><\/p>\n<p>Presupuesto Ejecuci\u00f3n Material: <strong>41.649,39 \u20ac<\/strong><\/p>\n<p>A\u00f1o Construcci\u00f3n: <strong>2013<\/strong><\/p>\n<p>Constructora: <strong>Brisol<\/strong><\/p>\n<p>Fase: <strong>Terminada<\/strong><\/p>\n<p>&nbsp;<\/p>\n<p>A principios del verano de 2013, iniciamos este trabajo que nos encarga el Ente P\u00fablico Andaluz de Infraestructuras y Servicios Educativos \u2013de la Consejer\u00eda de Educaci\u00f3n, Cultura y Deporte-. Nuestra misi\u00f3n era la de Dirigir las Obras de adecuaci\u00f3n atendiendo al proyecto que hab\u00edan redactado los t\u00e9cnicos del ayuntamiento.<\/p>\n<p>La intervenci\u00f3n se centraba en dos puntos:<\/p>\n<ul>\n<li>Reparaci\u00f3n de cubiertas. Exist\u00edan problemas de humedad que se propusieron arreglar utilizando soluciones que se ajustaran a la limitaci\u00f3n del presupuesto. En OyeMe arquitectura somos especialistas en proponer soluciones de rehabilitaci\u00f3n en cubiertas.<\/li>\n<li>Eliminaci\u00f3n de barreras arquitect\u00f3nicas. Al centro se puede acceder desde varias calles, uno de esos accesos est\u00e1 a una cota levemente inferior a la planta baja del centro. Anteriormente, hab\u00eda escalones en ese acceso y se propon\u00eda la colocaci\u00f3n de una gran rampa, acorde al dimensionado del n\u00famero de ocupantes de este edifcio. En esta intervenci\u00f3n fue muy importante coordinar bien los trabajos para resolver diferentes cap\u00edtulos de la mejor forma, por ejemplo salvando el saneamiento existente que discurr\u00eda bajo este espacio.<\/li>\n<\/ul>\n<p>&nbsp;<\/p>\n<!-- Final Tiles Grid Gallery for WordPress v3.3.52 free --><style>#ftg-1616 .tile .icon { color:#ffffff; }#ftg-1616 .ftg-items .loading-bar i { background:#666; }#ftg-1616 .ftg-items .loading-bar { background:#fff; }#ftg-1616 .tile .icon { font-size:12px; }#ftg-1616 .tile .icon { margin: -6px 0 0 -6px; }#ftg-1616 .tile .caption-block .text-wrapper span.text { font-size:12px; }#ftg-1616 .tile .caption-block .text-wrapper span.title { font-size:14px; }#ftg-1616 .tile { background-color: transparent; }#ftg-1616 .tile .caption-block .text-wrapper span.text { color: #ffffff; }#ftg-1616 .tile .caption-block .text-wrapper span.title { color: #ffffff; }#ftg-1616 .tile .ftg-social a { color: #ffffff; }#ftg-1616 .tile .caption-block { transition-duration:0.25s; }#ftg-1616 .tile .tile-inner:before { background-color: #000000; }#ftg-1616 .tile .tile-inner:before { background-color: rgba(0, 0, 0, 0.8); }#ftg-1616 .tile:hover img {-moz-transform: ;-webkit-transform: ;-o-transform: ;-ms-transform: ;transform: ;}<\/style><a name='16'><\/a><div class='final-tiles-gallery  ftg-hover-enabled  caption-none caption-middle caption-center' id='ftg-1616' style='width:100%'><div class='ftg-items'><div class='loading-bar'><i><\/i><\/div><div  class='tile ftg-preload  '><a title=\"visita de obra\" data-lightbox='ftg-1616' rel='ftg-1616'  class=' tile-inner  ftg-lightbox' href='http:\/\/oyemeconlosojos.com\/oyemearquitectura\/blog\/wp-content\/uploads\/2019\/02\/isevl-2.jpg' ><img alt='' class='item' data-class='item' data-ftg-src='http:\/\/oyemeconlosojos.com\/oyemearquitectura\/blog\/wp-content\/uploads\/2019\/02\/isevl-2-300x300.jpg' src='http:\/\/oyemeconlosojos.com\/oyemearquitectura\/blog\/wp-content\/uploads\/2019\/02\/isevl-2-300x300.jpg' width='300' height='300' \/><div class='caption-block'><div class='text-wrapper'><span class='title'>visita de obra<\/span><\/div><\/div><\/a><div class='ftg-social'><\/div><\/div><div  class='tile ftg-preload  '><a title=\"control de ejecuci\u00f3n\" data-lightbox='ftg-1616' rel='ftg-1616'  class=' tile-inner  ftg-lightbox' href='http:\/\/oyemeconlosojos.com\/oyemearquitectura\/blog\/wp-content\/uploads\/2019\/02\/isevl-3.jpg' ><img alt='' class='item' data-class='item' data-ftg-src='http:\/\/oyemeconlosojos.com\/oyemearquitectura\/blog\/wp-content\/uploads\/2019\/02\/isevl-3-300x300.jpg' src='http:\/\/oyemeconlosojos.com\/oyemearquitectura\/blog\/wp-content\/uploads\/2019\/02\/isevl-3-300x300.jpg' width='300' height='300' \/><div class='caption-block'><div class='text-wrapper'><span class='title'>control de ejecuci\u00f3n<\/span><\/div><\/div><\/a><div class='ftg-social'><\/div><\/div><div  class='tile ftg-preload  '><a title=\"control de ejecuci\u00f3n\" data-lightbox='ftg-1616' rel='ftg-1616'  class=' tile-inner  ftg-lightbox' href='http:\/\/oyemeconlosojos.com\/oyemearquitectura\/blog\/wp-content\/uploads\/2019\/02\/isevl-5.jpg' ><img alt='' class='item' data-class='item' data-ftg-src='http:\/\/oyemeconlosojos.com\/oyemearquitectura\/blog\/wp-content\/uploads\/2019\/02\/isevl-5-300x300.jpg' src='http:\/\/oyemeconlosojos.com\/oyemearquitectura\/blog\/wp-content\/uploads\/2019\/02\/isevl-5-300x300.jpg' width='300' height='300' \/><div class='caption-block'><div class='text-wrapper'><span class='title'>control de ejecuci\u00f3n<\/span><\/div><\/div><\/a><div class='ftg-social'><\/div><\/div><div  class='tile ftg-preload  '><a title=\"control de ejecuci\u00f3n\" data-lightbox='ftg-1616' rel='ftg-1616'  class=' tile-inner  ftg-lightbox' href='http:\/\/oyemeconlosojos.com\/oyemearquitectura\/blog\/wp-content\/uploads\/2019\/02\/isevl-4.jpg' ><img alt='' class='item' data-class='item' data-ftg-src='http:\/\/oyemeconlosojos.com\/oyemearquitectura\/blog\/wp-content\/uploads\/2019\/02\/isevl-4-300x300.jpg' src='http:\/\/oyemeconlosojos.com\/oyemearquitectura\/blog\/wp-content\/uploads\/2019\/02\/isevl-4-300x300.jpg' width='300' height='300' \/><div class='caption-block'><div class='text-wrapper'><span class='title'>control de ejecuci\u00f3n<\/span><\/div><\/div><\/a><div class='ftg-social'><\/div><\/div><div  class='tile ftg-preload  '><a title=\"control de ejecuci\u00f3n\" data-lightbox='ftg-1616' rel='ftg-1616'  class=' tile-inner  ftg-lightbox' href='http:\/\/oyemeconlosojos.com\/oyemearquitectura\/blog\/wp-content\/uploads\/2019\/02\/isevl-6.jpg' ><img alt='' class='item' data-class='item' data-ftg-src='http:\/\/oyemeconlosojos.com\/oyemearquitectura\/blog\/wp-content\/uploads\/2019\/02\/isevl-6-300x300.jpg' src='http:\/\/oyemeconlosojos.com\/oyemearquitectura\/blog\/wp-content\/uploads\/2019\/02\/isevl-6-300x300.jpg' width='300' height='300' \/><div class='caption-block'><div class='text-wrapper'><span class='title'>control de ejecuci\u00f3n<\/span><\/div><\/div><\/a><div class='ftg-social'><\/div><\/div><div  class='tile ftg-preload  '><a title=\"comprobaci\u00f3n de acabados\" data-lightbox='ftg-1616' rel='ftg-1616'  class=' tile-inner  ftg-lightbox' href='http:\/\/oyemeconlosojos.com\/oyemearquitectura\/blog\/wp-content\/uploads\/2019\/02\/isevl-7.jpg' ><img alt='' class='item' data-class='item' data-ftg-src='http:\/\/oyemeconlosojos.com\/oyemearquitectura\/blog\/wp-content\/uploads\/2019\/02\/isevl-7-300x300.jpg' src='http:\/\/oyemeconlosojos.com\/oyemearquitectura\/blog\/wp-content\/uploads\/2019\/02\/isevl-7-300x300.jpg' width='300' height='300' \/><div class='caption-block'><div class='text-wrapper'><span class='title'>comprobaci\u00f3n de acabados<\/span><\/div><\/div><\/a><div class='ftg-social'><\/div><\/div><\/div><\/div><script type='text\/javascript'>jQuery('#ftg-1616 img.item').removeAttr('src');jQuery(document).ready(function () {setTimeout(function () {jQuery('#ftg-1616').finalTilesGallery({minTileWidth: 250,margin: 10,loadMethod: 'sequential',nonce: '70a7b08d0e',galleryId: '16',setupFilters: true,layout: 'columns',debug: false,gridSize: 25,disableGridSizeBelow: 800,allowEnlargement: true,columns: [[4000, 4],[1024, 4],[800, 3],[480, 3],[320, 2]],selectedFilter: 'n-a'});jQuery(function () {(function () {var rel = '';jQuery('#ftg-1616 .ftg-lightbox').click(function (e) {rel = jQuery(this).attr('rel');jQuery('#ftg-1616 .ftg-current').removeClass('ftg-current');jQuery('#ftg-1616 [rel=\"'+rel+'\"]').addClass('ftg-current');});})();});}, 0);});<\/script>\n","protected":false},"excerpt":{"rendered":"<p>&nbsp; Ubicaci\u00f3n: Valencina de la Concepci\u00f3n (Sevilla) Promotor:\u00a0Infraestructuras y Servicios Educativos Andaluc\u00eda (Junta de Andaluc\u00eda) A\u00f1o Proyecto: 2013 Presupuesto Ejecuci\u00f3n Material: 41.649,39 \u20ac A\u00f1o Construcci\u00f3n: 2013 Constructora: Brisol Fase: Terminada &nbsp; A principios del verano de 2013, iniciamos este trabajo que nos encarga el Ente P\u00fablico Andaluz de Infraestructuras y Servicios Educativos \u2013de la Consejer\u00eda [&hellip;]<\/p>\n","protected":false},"author":1,"featured_media":0,"parent":328,"menu_order":263,"comment_status":"closed","ping_status":"closed","template":"","meta":[],"_links":{"self":[{"href":"http:\/\/oyemeconlosojos.com\/oyemearquitectura\/blog\/index.php?rest_route=\/wp\/v2\/pages\/623"}],"collection":[{"href":"http:\/\/oyemeconlosojos.com\/oyemearquitectura\/blog\/index.php?rest_route=\/wp\/v2\/pages"}],"about":[{"href":"http:\/\/oyemeconlosojos.com\/oyemearquitectura\/blog\/index.php?rest_route=\/wp\/v2\/types\/page"}],"author":[{"embeddable":true,"href":"http:\/\/oyemeconlosojos.com\/oyemearquitectura\/blog\/index.php?rest_route=\/wp\/v2\/users\/1"}],"replies":[{"embeddable":true,"href":"http:\/\/oyemeconlosojos.com\/oyemearquitectura\/blog\/index.php?rest_route=%2Fwp%2Fv2%2Fcomments&post=623"}],"version-history":[{"count":7,"href":"http:\/\/oyemeconlosojos.com\/oyemearquitectura\/blog\/index.php?rest_route=\/wp\/v2\/pages\/623\/revisions"}],"predecessor-version":[{"id":1100,"href":"http:\/\/oyemeconlosojos.com\/oyemearquitectura\/blog\/index.php?rest_route=\/wp\/v2\/pages\/623\/revisions\/1100"}],"up":[{"embeddable":true,"href":"http:\/\/oyemeconlosojos.com\/oyemearquitectura\/blog\/index.php?rest_route=\/wp\/v2\/pages\/328"}],"wp:attachment":[{"href":"http:\/\/oyemeconlosojos.com\/oyemearquitectura\/blog\/index.php?rest_route=%2Fwp%2Fv2%2Fmedia&parent=623"}],"curies":[{"name":"wp","href":"https:\/\/api.w.org\/{rel}","templated":true}]}}