{"id":549,"date":"2011-10-19T12:59:24","date_gmt":"2011-10-19T11:59:24","guid":{"rendered":"http:\/\/oyemeconlosojos.com\/oyemearquitectura\/blog\/?page_id=549"},"modified":"2017-01-16T12:27:55","modified_gmt":"2017-01-16T11:27:55","slug":"sa-10","status":"publish","type":"page","link":"http:\/\/oyemeconlosojos.com\/oyemearquitectura\/blog\/?page_id=549","title":{"rendered":"SA 10"},"content":{"rendered":"<h4><strong>Inspecci\u00f3n T\u00e9cnica de varios Edificios de Viviendas Plurifamiliares adosados<\/strong><\/h4>\n<h4><strong>Sevilla. 2011<\/strong><\/h4>\n<div style=\"max-width: 500px; margin: 0 auto;\" class=\"ml-slider-3-11-1 metaslider metaslider-nivo metaslider-550 ml-slider\">\n    \n    <div id=\"metaslider_container_550\">\n        <div class='slider-wrapper theme-default'><div class='ribbon'><\/div><div id='metaslider_550' class='nivoSlider'><a href=\"http:\/\/oyemeconlosojos.com\/oyemearquitectura\/blog\/?page_id=549\" target=\"_self\"><img src=\"http:\/\/oyemeconlosojos.com\/oyemearquitectura\/blog\/wp-content\/uploads\/2013\/12\/datosITE-500x443.jpg\" height=\"443\" width=\"500\" alt=\"\" class=\"slider-550 slide-551\" \/><\/a><img src=\"http:\/\/oyemeconlosojos.com\/oyemearquitectura\/blog\/wp-content\/uploads\/2013\/12\/segundo-500x443.jpg\" height=\"443\" width=\"500\" alt=\"\" class=\"slider-550 slide-552\" \/><\/div><\/div>\n        \n    <\/div>\n<\/div>\n<p>Varias comunidades de propietarios de unos edificios plurifamiliares de viviendas de Sevilla -edificios que estaban adosados unos a otros- conocedores de nuestros trabajos previos de OyeMe en cubiertas que hab\u00edan dado buen resultado, decidieron contactar con nosotros para que realiz\u00e1semos la inspecci\u00f3n \u2013en profundidad- de sus edificios. Principalmente de las cubiertas que presentaban algunas deficiencias.<\/p>\n<p>Cada uno de los edificios, construidos en los a\u00f1os 60, constaba de unas 20 viviendas distribuidas en cinco plantas que no ten\u00edan problemas importantes considerando la edad de las mismas. Tras realizar una toma de datos bastante profunda, adem\u00e1s de los problemas de las cubiertas, que no eran especialmente graves, s\u00ed pudimos localizar algunas deficiencias en el saneamiento que, de no haberse atajado a tiempo podr\u00edan haber supuesto un gasto much\u00edsimo mayor en caso de haber tenido que arreglar la aver\u00eda una vez hecho el da\u00f1o.<\/p>\n","protected":false},"excerpt":{"rendered":"<p>Inspecci\u00f3n T\u00e9cnica de varios Edificios de Viviendas Plurifamiliares adosados Sevilla. 2011 Varias comunidades de propietarios de unos edificios plurifamiliares de viviendas de Sevilla -edificios que estaban adosados unos a otros- conocedores de nuestros trabajos previos de OyeMe en cubiertas que hab\u00edan dado buen resultado, decidieron contactar con nosotros para que realiz\u00e1semos la inspecci\u00f3n \u2013en profundidad- [&hellip;]<\/p>\n","protected":false},"author":1,"featured_media":0,"parent":307,"menu_order":601,"comment_status":"closed","ping_status":"closed","template":"","meta":[],"_links":{"self":[{"href":"http:\/\/oyemeconlosojos.com\/oyemearquitectura\/blog\/index.php?rest_route=\/wp\/v2\/pages\/549"}],"collection":[{"href":"http:\/\/oyemeconlosojos.com\/oyemearquitectura\/blog\/index.php?rest_route=\/wp\/v2\/pages"}],"about":[{"href":"http:\/\/oyemeconlosojos.com\/oyemearquitectura\/blog\/index.php?rest_route=\/wp\/v2\/types\/page"}],"author":[{"embeddable":true,"href":"http:\/\/oyemeconlosojos.com\/oyemearquitectura\/blog\/index.php?rest_route=\/wp\/v2\/users\/1"}],"replies":[{"embeddable":true,"href":"http:\/\/oyemeconlosojos.com\/oyemearquitectura\/blog\/index.php?rest_route=%2Fwp%2Fv2%2Fcomments&post=549"}],"version-history":[{"count":3,"href":"http:\/\/oyemeconlosojos.com\/oyemearquitectura\/blog\/index.php?rest_route=\/wp\/v2\/pages\/549\/revisions"}],"predecessor-version":[{"id":922,"href":"http:\/\/oyemeconlosojos.com\/oyemearquitectura\/blog\/index.php?rest_route=\/wp\/v2\/pages\/549\/revisions\/922"}],"up":[{"embeddable":true,"href":"http:\/\/oyemeconlosojos.com\/oyemearquitectura\/blog\/index.php?rest_route=\/wp\/v2\/pages\/307"}],"wp:attachment":[{"href":"http:\/\/oyemeconlosojos.com\/oyemearquitectura\/blog\/index.php?rest_route=%2Fwp%2Fv2%2Fmedia&parent=549"}],"curies":[{"name":"wp","href":"https:\/\/api.w.org\/{rel}","templated":true}]}}