{"id":260,"date":"2011-12-10T18:47:23","date_gmt":"2011-12-10T17:47:23","guid":{"rendered":"http:\/\/oyemeconlosojos.com\/oyemearquitectura\/blog\/?p=260"},"modified":"2019-02-20T12:45:19","modified_gmt":"2019-02-20T11:45:19","slug":"licencia-de-actividad-de-local-destinado-a-la-venta-y-confeccion-a-medida-de-prendas-de-vestir","status":"publish","type":"page","link":"http:\/\/oyemeconlosojos.com\/oyemearquitectura\/blog\/?page_id=260","title":{"rendered":"Mar\u00eda Palomo"},"content":{"rendered":"<p><img loading=\"lazy\" class=\"alignright wp-image-1195 size-medium\" src=\"http:\/\/oyemeconlosojos.com\/oyemearquitectura\/blog\/wp-content\/uploads\/2019\/02\/MARIA-1-300x300.jpg\" alt=\"\" width=\"300\" height=\"300\" srcset=\"http:\/\/oyemeconlosojos.com\/oyemearquitectura\/blog\/wp-content\/uploads\/2019\/02\/MARIA-1-300x300.jpg 300w, http:\/\/oyemeconlosojos.com\/oyemearquitectura\/blog\/wp-content\/uploads\/2019\/02\/MARIA-1-150x150.jpg 150w, http:\/\/oyemeconlosojos.com\/oyemearquitectura\/blog\/wp-content\/uploads\/2019\/02\/MARIA-1-768x768.jpg 768w, http:\/\/oyemeconlosojos.com\/oyemearquitectura\/blog\/wp-content\/uploads\/2019\/02\/MARIA-1-640x640.jpg 640w, http:\/\/oyemeconlosojos.com\/oyemearquitectura\/blog\/wp-content\/uploads\/2019\/02\/MARIA-1.jpg 850w\" sizes=\"(max-width: 300px) 100vw, 300px\" \/><\/p>\n<p>&nbsp;<\/p>\n<p>Ubicaci\u00f3n: <strong>Sevilla<\/strong><\/p>\n<p>Promotor: <strong>Privado<\/strong><\/p>\n<p>A\u00f1o Licencia: <strong>2011<\/strong><\/p>\n<p>Fase: <strong>Concedida<\/strong><\/p>\n<p>&nbsp;<\/p>\n<p>&nbsp;<\/p>\n<p>&nbsp;<\/p>\n<p>&nbsp;<\/p>\n<p>En este local, dada la buen\u00edsima ubicaci\u00f3n que posee, exist\u00eda un antiguo negocio destinado a tienda de ropa, de una marca con un cierto nivel y consolidada en la ciudad de Sevilla, que traslad\u00f3 sus instalaciones a un local con diferentes caracter\u00edsticas.<\/p>\n<p>Al haber estado en funcionamiento para un uso similar al que se propon\u00eda, no fue necesaria realizar obras de adaptaci\u00f3n para ponerlo en funcionamiento. La \u00fanica singularidad que ten\u00eda respecto al negocio anterior es que en el caso de la nueva actividad la confecci\u00f3n de las prendas de vestir se hace artesanalmente en el propio local. Se concibe el negocio destinado a un p\u00fablico que demande cierta exclusividad en sus dise\u00f1os lo que condiciona tremendamente la distribuci\u00f3n de la actividad en la que se mezclan en un nivel muy alto la zona de venta y la de creaci\u00f3n.<\/p>\n<p>Debido a ello se propuso la divisi\u00f3n mediante el mobiliario de dos zonas diferenciadas, una donde se desarrollar\u00eda la atenci\u00f3n al cliente y la exposici\u00f3n de prendas y otra de car\u00e1cter m\u00e1s privado donde se desarrollar\u00eda la zona de confesi\u00f3n artesanal.<\/p>\n<p>La tramitaci\u00f3n de la licencia de obra se realiz\u00f3 mediante el tr\u00e1mite simplificado de Declaraci\u00f3n Responsable debido a la actividad que albergar\u00eda el local. Como consecuencia de ello, con la entrega de toda la documentaci\u00f3n requerida, se pudo empezar inmediatamente a desarrollar la actividad en el local.<\/p>\n<p>Os invitamos a visitar su fan page de facebook <a href=\"https:\/\/mariapalomocouture.com\/\">https:\/\/mariapalomocouture.com\/<\/a><\/p>\n<p>&nbsp;<\/p>\n<!-- Final Tiles Grid Gallery for WordPress v3.3.52 free --><style>#ftg-3131 .tile .icon { color:#ffffff; }#ftg-3131 .ftg-items .loading-bar i { background:#666; }#ftg-3131 .ftg-items .loading-bar { background:#fff; }#ftg-3131 .tile .icon { font-size:12px; }#ftg-3131 .tile .icon { margin: -6px 0 0 -6px; }#ftg-3131 .tile .caption-block .text-wrapper span.text { font-size:12px; }#ftg-3131 .tile .caption-block .text-wrapper span.title { font-size:14px; }#ftg-3131 .tile { background-color: transparent; }#ftg-3131 .tile .caption-block .text-wrapper span.text { color: #ffffff; }#ftg-3131 .tile .caption-block .text-wrapper span.title { color: #ffffff; }#ftg-3131 .tile .ftg-social a { color: #ffffff; }#ftg-3131 .tile .caption-block { transition-duration:0.25s; }#ftg-3131 .tile .tile-inner:before { background-color: #000000; }#ftg-3131 .tile .tile-inner:before { background-color: rgba(0, 0, 0, 0.8); }#ftg-3131 .tile:hover img {-moz-transform: ;-webkit-transform: ;-o-transform: ;-ms-transform: ;transform: ;}<\/style><a name='31'><\/a><div class='final-tiles-gallery  ftg-hover-enabled  caption-none caption-middle caption-center' id='ftg-3131' style='width:100%'><div class='ftg-items'><div class='loading-bar'><i><\/i><\/div><div  class='tile ftg-preload  '><a title=\"vista interior\" data-lightbox='ftg-3131' rel='ftg-3131'  class=' tile-inner  ftg-lightbox' href='http:\/\/oyemeconlosojos.com\/oyemearquitectura\/blog\/wp-content\/uploads\/2019\/02\/MARIA-2.jpg' ><img alt='' class='item' data-class='item' data-ftg-src='http:\/\/oyemeconlosojos.com\/oyemearquitectura\/blog\/wp-content\/uploads\/2019\/02\/MARIA-2-300x300.jpg' src='http:\/\/oyemeconlosojos.com\/oyemearquitectura\/blog\/wp-content\/uploads\/2019\/02\/MARIA-2-300x300.jpg' width='300' height='300' \/><div class='caption-block'><div class='text-wrapper'><span class='title'>vista interior<\/span><\/div><\/div><\/a><div class='ftg-social'><\/div><\/div><div  class='tile ftg-preload  '><a title=\"vista interior\" data-lightbox='ftg-3131' rel='ftg-3131'  class=' tile-inner  ftg-lightbox' href='http:\/\/oyemeconlosojos.com\/oyemearquitectura\/blog\/wp-content\/uploads\/2019\/02\/MARIA-3.jpg' ><img alt='' class='item' data-class='item' data-ftg-src='http:\/\/oyemeconlosojos.com\/oyemearquitectura\/blog\/wp-content\/uploads\/2019\/02\/MARIA-3-300x300.jpg' src='http:\/\/oyemeconlosojos.com\/oyemearquitectura\/blog\/wp-content\/uploads\/2019\/02\/MARIA-3-300x300.jpg' width='300' height='300' \/><div class='caption-block'><div class='text-wrapper'><span class='title'>vista interior<\/span><\/div><\/div><\/a><div class='ftg-social'><\/div><\/div><div  class='tile ftg-preload  '><a title=\"vista interior\" data-lightbox='ftg-3131' rel='ftg-3131'  class=' tile-inner  ftg-lightbox' href='http:\/\/oyemeconlosojos.com\/oyemearquitectura\/blog\/wp-content\/uploads\/2019\/02\/MARIA-4.jpg' ><img alt='' class='item' data-class='item' data-ftg-src='http:\/\/oyemeconlosojos.com\/oyemearquitectura\/blog\/wp-content\/uploads\/2019\/02\/MARIA-4-300x300.jpg' src='http:\/\/oyemeconlosojos.com\/oyemearquitectura\/blog\/wp-content\/uploads\/2019\/02\/MARIA-4-300x300.jpg' width='300' height='300' \/><div class='caption-block'><div class='text-wrapper'><span class='title'>vista interior<\/span><\/div><\/div><\/a><div class='ftg-social'><\/div><\/div><div  class='tile ftg-preload  '><a title=\"Mar\u00eda Palomo\" data-lightbox='ftg-3131' rel='ftg-3131'  class=' tile-inner  ftg-lightbox' href='http:\/\/oyemeconlosojos.com\/oyemearquitectura\/blog\/wp-content\/uploads\/2019\/02\/MARIA-1.jpg' ><img alt='' class='item' data-class='item' data-ftg-src='http:\/\/oyemeconlosojos.com\/oyemearquitectura\/blog\/wp-content\/uploads\/2019\/02\/MARIA-1-300x300.jpg' src='http:\/\/oyemeconlosojos.com\/oyemearquitectura\/blog\/wp-content\/uploads\/2019\/02\/MARIA-1-300x300.jpg' width='300' height='300' \/><div class='caption-block'><div class='text-wrapper'><span class='title'>Mar\u00eda Palomo<\/span><\/div><\/div><\/a><div class='ftg-social'><\/div><\/div><\/div><\/div><script type='text\/javascript'>jQuery('#ftg-3131 img.item').removeAttr('src');jQuery(document).ready(function () {setTimeout(function () {jQuery('#ftg-3131').finalTilesGallery({minTileWidth: 250,margin: 10,loadMethod: 'sequential',nonce: '70a7b08d0e',galleryId: '31',setupFilters: true,layout: 'columns',debug: false,gridSize: 25,disableGridSizeBelow: 800,allowEnlargement: true,columns: [[4000, 4],[1024, 4],[800, 3],[480, 3],[320, 2]],selectedFilter: 'n-a'});jQuery(function () {(function () {var rel = '';jQuery('#ftg-3131 .ftg-lightbox').click(function (e) {rel = jQuery(this).attr('rel');jQuery('#ftg-3131 .ftg-current').removeClass('ftg-current');jQuery('#ftg-3131 [rel=\"'+rel+'\"]').addClass('ftg-current');});})();});}, 0);});<\/script>\n","protected":false},"excerpt":{"rendered":"<p>&nbsp; Ubicaci\u00f3n: Sevilla Promotor: Privado A\u00f1o Licencia: 2011 Fase: Concedida &nbsp; &nbsp; &nbsp; &nbsp; En este local, dada la buen\u00edsima ubicaci\u00f3n que posee, exist\u00eda un antiguo negocio destinado a tienda de ropa, de una marca con un cierto nivel y consolidada en la ciudad de Sevilla, que traslad\u00f3 sus instalaciones a un local con diferentes [&hellip;]<\/p>\n","protected":false},"author":1,"featured_media":261,"parent":862,"menu_order":422,"comment_status":"closed","ping_status":"closed","template":"","meta":[],"_links":{"self":[{"href":"http:\/\/oyemeconlosojos.com\/oyemearquitectura\/blog\/index.php?rest_route=\/wp\/v2\/pages\/260"}],"collection":[{"href":"http:\/\/oyemeconlosojos.com\/oyemearquitectura\/blog\/index.php?rest_route=\/wp\/v2\/pages"}],"about":[{"href":"http:\/\/oyemeconlosojos.com\/oyemearquitectura\/blog\/index.php?rest_route=\/wp\/v2\/types\/page"}],"author":[{"embeddable":true,"href":"http:\/\/oyemeconlosojos.com\/oyemearquitectura\/blog\/index.php?rest_route=\/wp\/v2\/users\/1"}],"replies":[{"embeddable":true,"href":"http:\/\/oyemeconlosojos.com\/oyemearquitectura\/blog\/index.php?rest_route=%2Fwp%2Fv2%2Fcomments&post=260"}],"version-history":[{"count":9,"href":"http:\/\/oyemeconlosojos.com\/oyemearquitectura\/blog\/index.php?rest_route=\/wp\/v2\/pages\/260\/revisions"}],"predecessor-version":[{"id":1201,"href":"http:\/\/oyemeconlosojos.com\/oyemearquitectura\/blog\/index.php?rest_route=\/wp\/v2\/pages\/260\/revisions\/1201"}],"up":[{"embeddable":true,"href":"http:\/\/oyemeconlosojos.com\/oyemearquitectura\/blog\/index.php?rest_route=\/wp\/v2\/pages\/862"}],"wp:featuredmedia":[{"embeddable":true,"href":"http:\/\/oyemeconlosojos.com\/oyemearquitectura\/blog\/index.php?rest_route=\/wp\/v2\/media\/261"}],"wp:attachment":[{"href":"http:\/\/oyemeconlosojos.com\/oyemearquitectura\/blog\/index.php?rest_route=%2Fwp%2Fv2%2Fmedia&parent=260"}],"curies":[{"name":"wp","href":"https:\/\/api.w.org\/{rel}","templated":true}]}}